).
26
Let o be 16/(-1 + (-5)/(-3)). Calculate the remainder when 87 is divided by 0 + o + 9 + -11.
21
Suppose 6 = -3*c - 3, 8 = y - c. Suppose 0 = v - 2 - y. Suppose 2*k - v = 19. Calculate the remainder when 37 is divided by k.
11
Suppose 303 - 119 = 8*x. What is the remainder when 44 is divided by x?
21
Suppose -y + 16 + 49 = 0. Suppose 0 = 24*d - 26*d + 66. Calculate the remainder when y is divided by d.
32
Let q = 14 + -21. Let p = 0 - q. What is the remainder when 6/8*(1 + 15) is divided by p?
5
Suppose -2 = k - 45. Let l(d) = -5*d - 3*d - 2*d**2 + d**2. Calculate the remainder when k is divided by l(-5).
13
Let f be -6*(-1)/(-2)*-3. Suppose -f - 19 = -4*j. Calculate the remainder when j is divided by 2.
1
Suppose l = -2*j + 12, 3*j - 13 + 1 = 0. Suppose l*w + w = 205. Let n = w - 27. Calculate the remainder when 26 is divided by n.
12
Suppose 4*a - u = 170, u = -0*u + 2. What is the remainder when a is divided by 15?
13
Calculate the remainder when (-627)/(-5) + 10/(-25) is divided by 16.
13
Let c(s) = s**2 + 9*s. Let q be c(-4). Calculate the remainder when (3 - 60)*q/15 is divided by 26.
24
Suppose 3*m + 63 + 18 = 0. Let z = 4 - m. Let b = -13 - -29. Calculate the remainder when z is divided by b.
15
Let w = 315 - -186. Let f be 2/8 + w/12. Calculate the remainder when 20 is divided by f/(-12)*2*-1.
6
Suppose -5*p + 8 = -7. Let g(w) = 4*w + w - 3*w**2 - w - 3 + 2*w**p. What is the remainder when 25 is divided by g(2)?
7
Let w = 9 + 2. Calculate the remainder when 21 is divided by w.
10
Let l = 14 + -9. Calculate the remainder when (-2)/(-5) - (-153)/l is divided by 11.
9
Let k(a) = -2*a**2 + 3*a - 3. Let q be k(-3). Let g = q + 62. What is the remainder when g is divided by 33/(-2)*2/(-3)?
10
Suppose 0 = w - 1 - 0. Let r be (w + -3)/((-1)/5). Suppose -p - 4*g + r + 13 = 0, 25 = p + 5*g. What is the remainder when p is divided by 4?
3
Suppose 4*z - 5 = 83. Calculate the remainder when z is divided by 8.
6
Suppose 0 = -5*n - z + 297, 5*n + 5*z = 2*z + 301. Calculate the remainder when n is divided by ((-6)/10)/(1/(-27 + 2)).
14
Let z(f) be the second derivative of f**5/20 + 5*f**4/6 + 4*f**3/3 + f**2/2 - 3*f. Calculate the remainder when z(-9) is divided by 7.
3
Suppose 3*y + 23 = -j - 0*j, -3*y - 13 = -j. Let x(t) = -t + 8. Calculate the remainder when x(y) is divided by 8.
6
Let g(l) = l**3 - 11*l**2 + 11*l + 3. Let j(y) = -y + 4. Let w be j(-6). Calculate the remainder when 50 is divided by g(w).
11
Let c(u) = u**3 - 4*u**2 + u - 3. Let n(k) = -k + 14. Let z be n(9). Let o be c(z). Calculate the remainder when 8 is divided by (-3)/(o/15)*-3.
3
Let u(o) = o**2 - 3*o + 1. Suppose -214 = -4*v - d - 55, -2*v + 2*d + 92 = 0. What is the remainder when v is divided by u(5)?
8
Let f(j) = 8 - 3 - 1 + 5*j. Let w be f(8). Suppose 4*b + 5*c - 31 = 25, 4*b + 2*c - w = 0. Calculate the remainder when 17 is divided by b.
8
Suppose 3*y = -2*y + 10. Suppose 0 = y*i + 2*i - 84. Let n(g) = -g**3 + 8*g**2 - 6*g + 4. Calculate the remainder when n(6) is divided by i.
19
Let h = 98 + -55. Let c = h + -24. What is the remainder when c is divided by 11?
8
Suppose 45 = -5*c - 3*t, 2*c + t - 13 = 5*c. Calculate the remainder when (-2)/(-3) - 70/(-21) is divided by ((-2)/c)/(1/9).
1
Let d(c) = 4*c - 4 - 19*c + 5. Let n be d(-1). Let x = 0 + n. Calculate the remainder when x is divided by 6.
4
Suppose -r = -0*r - 38. Let b = 2 - 4. What is the remainder when r is divided by b/(-1) - (-14 + -4)?
18
Let h = 133 - 79. What is the remainder when h is divided by 19?
16
Let j(l) = -l**2 + 10*l + 1. Let u be j(7). Suppose u = 3*b - 4*t, -b + t = 5*t - 2. Calculate the remainder when 10/((-2)/1 + 3) is divided by b.
4
What is the remainder when (-20)/16*-4*2 is divided by 4 + 2 + 2/(-1)?
2
Let x = 8 + -6. Suppose 5*z - x*d - 30 = d, 0 = -d + 5. Suppose 3 = 2*j - z. What is the remainder when j is divided by 4?
2
Suppose 0*r - 52 = -r. Calculate the remainder when r is divided by 11.
8
Suppose -2*k - 1 = -3. Let d = 6 - k. Calculate the remainder when 8 is divided by d.
3
Let s(a) = 3*a + 2. Let d = -6 - -11. Let j = 0 + d. Calculate the remainder when s(4) is divided by j.
4
Let d = 55 + -14. Let v be 9*(1 - (-2)/(-3)). Suppose v*c + c - 56 = 0. Calculate the remainder when d is divided by c.
13
Let i(n) = n**3 - 9*n**2 + n + 12. Let q be i(9). Calculate the remainder when -2*1/(-2)*q is divided by 8.
5
Let i be (3 - (-12)/(-8))*2. Suppose -3*u + 8*t + 71 = 3*t, i*u - 2*t = 77. What is the remainder when 78 is divided by u?
24
Let k(b) = -b**3 + b**2 + 22. Let d = 0 - -4. Suppose 2*s + d*n + 8 = 4*s, 5*n = -2*s - 10. Calculate the remainder when k(s) is divided by 8.
6
Suppose 310 = 2*r + 3*b, -2*b - 321 - 435 = -5*r. Let a = r - 108. Calculate the remainder when a is divided by 23.
21
Let w = -163 + 198. Calculate the remainder when w is divided by 10.
5
Let r(v) = -2*v + 2. Let s be r(-2). Suppose -20 = -3*p + 5*j - s, p - 4*j = 0. Calculate the remainder when (-4)/14 + 100/7 is divided by p.
6
What is the remainder when 119 is divided by 23 + -2 + -4 + -2?
14
Suppose 0 = -5*f - 3*f + 80. What is the remainder when 18 is divided by f?
8
Suppose 3*q + 48 = 3*w, 0*w + 4*q = w - 19. What is the remainder when w is divided by 6?
3
Suppose 0 = 4*i + 6 - 14. Calculate the remainder when 4 is divided by i.
0
Suppose z + 4 = 3*z. Suppose -z*x + 16 = -0*x. Calculate the remainder when x is divided by 3.
2
Suppose -1 + 4 = j. Suppose -j*y + 9 + 12 = 0. Calculate the remainder when y is divided by (3 + -3 + -5)/(-1).
2
Let k(j) = 3*j - 1. Let h be k(-1). Let x be (42/9)/(h/30). Let m = -12 - x. What is the remainder when 44 is divided by m?
21
Let k(g) = g**2 + 8*g + 6. Let o be k(-6). Let y = -1 - o. Calculate the remainder when y is divided by 3.
2
Let k = 20 + 4. What is the remainder when 95 is divided by k?
23
Suppose 0 = 4*k + 4*f - 12, 2*k + 0*f = 3*f + 1. Let h = 9 + k. What is the remainder when 32 is divided by h?
10
Suppose 3*j - 23 = 2*o, -j - j + 22 = 2*o. What is the remainder when 15 is divided by j?
6
Let v = -13 + 25. Calculate the remainder when 47 is divided by v.
11
Suppose 5*h + 3*r - 40 = 0, 4*h + 2 = 5*r - 3. Suppose -2*i + 106 + h = 5*a, -153 = -3*i - 3*a. Calculate the remainder when i is divided by 17.
14
Let n = 17 - 12. Suppose -n = -3*i - 2*i. What is the remainder when 6 - (2 + -4 + i) is divided by 3?
1
Suppose 0 = 2*r + 2 - 32. Suppose 0 = 5*j + r, w - 3*j - 4 = 153. Calculate the remainder when 4/(-18) - w/(-18) is divided by 5.
3
Let s(v) = -9*v - 1 + 0 + 0. Calculate the remainder when s(-6) is divided by 14.
11
Let s(d) = d**3 - 3*d**2 - d + 3. Suppose -5*b + 2*t + 61 = 0, -3*t = 3*b - 40 - 5. What is the remainder when s(5) is divided by b?
9
Suppose -3*m + 63 = 12. Calculate the remainder when 33 is divided by m.
16
Suppose 4*n = 1 - 5. What is the remainder when 9*1 - (-2 + n) is divided by 7?
5
Suppose 6*x = 2*x + 56. Suppose -3*r - 322 - 404 = 0. Calculate the remainder when 6/(-18) - r/6 is divided by x.
12
Let r be ((-1)/(-2) + 0)*-14. Suppose -23 = -5*v + 77. What is the remainder when v is divided by (r/(-4))/(2/8)?
6
Let s = -7 - -13. Suppose -3*m + 8 = -m. What is the remainder when s is divided by m?
2
Let n(u) = 4*u**2 - u - 4. Calculate the remainder when 1/4 - (-294)/8 is divided by n(2).
7
Let m = 238 + -13. Suppose m = u - 4*u. Calculate the remainder when u/(-3)*(2 - 1) is divided by 13.
12
Let z(b) = -3*b - 24. What is the remainder when 34 is divided by z(-12)?
10
Let y(q) = -8*q + 6 - 3*q**2 + 1 + 4*q**2. Let n be (-15)/(-2) + 4/8. What is the remainder when 12 is divided by y(n)?
5
Suppose 4*w - 3*w = 3. Suppose 0 = -w*z + 4*n - 2, 5*n - 6 + 2 = 3*z. Suppose z*b + b = 78. Calculate the remainder when b is divided by 9.
8
Let u = 138 - 65. Let d = u + -47. What is the remainder when d is divided by 14?
12
Suppose -8*h = -3*h - 2220. Let c = 748 - h. Suppose 4*l = 5*q - 3*q + 292, 0 = 4*l - 5*q - c. What is the remainder when l is divided by 18?
17
Suppose 0 = 4*w + 2*j - 2 - 4, w = j + 3. Suppose -3*v + 215 = v - 3*n, w*n = v - 55. What is the remainder when v is divided by 27?
26
Let x = -4 + 7. Let c(y) = 5*y**2 - 3*y + 2. Let f(g) = -14*g**2 + 9*g - 6. Let q(w) = -11*c(w) - 4*f(w). What is the remainder when q(x) 